se
Let t(z) = -43*z + 11. Let j(b) = -1. Let a(y) = -5*j(y) - t(y). Is a(3) composite?
True
Is (-17454)/(-8) - (10 - 666/72) a prime number?
False
Let k = 3692 - 2149. Is k a prime number?
True
Let v(g) = 2*g**2 + 53*g + 61. Is v(-40) a composite number?
True
Let o be 2*4 - 6/(-2). Let c = o - 7. Suppose -b = c*b + 5*y - 155, 2*b + 5*y = 77. Is b composite?
True
Suppose 0 = -n + 4*s + 25, 34 = 2*n - 5*s + s. Is 999 + (2/(-3) - 12/n) prime?
True
Let l = 361 + 2880. Is l a composite number?
True
Suppose 5*c + 4237 - 1362 = 0. Let b = 1740 + c. Is b prime?
False
Is (-89305)/(-9) - ((-87)/27 - -3) a prime number?
True
Let a(i) = 40*i**2 + 50*i + 1. Is a(9) prime?
True
Let y = 53 + -50. Suppose 0 = 3*b - 4*u - 22, -b + 7 = -3*u - 7. Suppose -y*x = c + 428 - 1884, 4*x - b*c = 1938. Is x a composite number?
True
Suppose 0*n + 4*f = -3*n + 101917, 0 = -3*n - f + 101932. Is n composite?
True
Let t = 37 - 35. Suppose k = 2*v + t*v + 10, v + 25 = 4*k. Let q(z) = 19*z**2 - 5*z - 20. Is q(k) a composite number?
True
Let b = -58292 + 143889. Is b a prime number?
True
Let y = 3933 - 5564. Let f = y - -3138. Is f a composite number?
True
Suppose -11*g + 17 = 160. Is (-13)/(g/414) + -3 composite?
True
Let l(n) = 93*n**2 - 6*n + 12. Let b be l(-7). Let m be 2/(-8) + 27/(-4). Is 4/m + b/21 composite?
True
Let i be (-10 + -6 - (-1)/1)*-1. Let g(d) = 16*d + 7. Is g(i) composite?
True
Let z(u) be the first derivative of u**6/90 - u**5/40 - u**4/24 - 3*u**3 + 12. Let d(h) be the third derivative of z(h). Is d(-6) a composite number?
True
Let s(t) = -t**2 + 7*t + 28. Let p be s(12). Let d = -19 - p. Is d a composite number?
False
Is 14*((-6)/(-8) + (-23230)/(-40)) composite?
True
Let r = 69 + -76. Let m(x) = -18*x**3 + 8*x**2 - 14*x + 9. Is m(r) a prime number?
True
Suppose 0 = 2*d - 5 + 9. Is (d/(-6))/(6/6858) a composite number?
True
Is (-1 - (-6)/4)*(-6 - -148) composite?
False
Let u(l) = 3*l**2 - 4*l + 5. Let a be u(5). Suppose 4*k - k = 12. Suppose -k*r = a - 208. Is r a prime number?
True
Let c(p) = 22*p**2 + 13*p + 10. Is c(-15) a prime number?
False
Let k = -4 + 6. Let x(m) = 2*m**2 - 6. Let o be x(-2). Suppose -4*c = z - 115, 5*c + 219 = o*z + k*c. Is z prime?
False
Let b be 26*(-6)/16*-4. Let n(p) = p**3 - 8*p**2 - 85*p + 13. Let g be n(14). Is b + -3 + g + 2 a composite number?
False
Let p(a) = a**2 - 3. Suppose m + 2*q - 20 = -8, 2*m + q - 36 = 0. Suppose -5*i + 20 = 3*t - 25, 5*i - m = 2*t. Is p(i) a prime number?
False
Let d be (5/(-2) - -3)*12. Let n be (-3)/(d/2) - -542. Suppose 0 = -4*h + n + 2967. Is h a prime number?
True
Suppose 4*k - 30 - 6 = 0. Let z(s) = 5*s**2 - 8*s + 22. Is z(k) a prime number?
False
Suppose -8*g + 8 = -10*g, -3*t + 4*g + 24409 = 0. Is t a prime number?
False
Let a(x) = 10*x**3 - 9*x**2 - 13*x + 59. Is a(7) a composite number?
False
Suppose 3*o - 230 = 76. Suppose -1821 = -3*b - o. Is b composite?
True
Suppose -41*k = -75*k + 174998. Is k composite?
False
Suppose -82*x = -x - 5115069. Is x a composite number?
False
Let p(t) = 31*t**2 - 6*t + 10. Let l be p(-10). Suppose 3*o - l = o. Is o a prime number?
False
Let a(t) = -t**2 - 9*t - 13. Let u be a(-7). Let y(h) = 1170*h**2 - 2*h + 1. Is y(u) a prime number?
False
Let s be 6*(22/30 - (-4)/(-10)). Suppose -9*m + 4*m = s*a - 911, -5*m + 4*a = -893. Is m prime?
True
Let b be 544/18 - (-8)/(-36). Let d = b + -27. Suppose -42 = -3*y + d*l + 75, 3*y - 4*l - 122 = 0. Is y a composite number?
True
Let c = -24 + 0. Let h = c + 27. Is h a composite number?
False
Suppose 39*j - 34*j - 150 = 0. Suppose -4*y - 250 = -6*y. Let c = y + j. Is c composite?
True
Suppose -2*c - 3 + 9 = 0. Let x = c - 3. Suppose -2*l + 152 = 4*p, 3*p = l - x*l - 71. Is l a prime number?
False
Let c(r) = -4*r**3 - 2*r**2 + 3*r - 4. Suppose -3*y - 47 = -l, -24 = 2*y + 2*l + 2. Let k = y - -12. Is c(k) a composite number?
True
Let c = -13170 + 22052. Is c composite?
True
Let o(r) = 3*r**3 - 3*r**2 + 9*r - 8. Let a be o(5). Suppose 540 = i - a. Is i prime?
True
Let f(t) = -8*t**3 - 5*t**2 - t - 5. Let d(m) = -m**3 - m + 1. Let h(z) = 4*d(z) + f(z). Is h(-3) a prime number?
True
Let p = 604 + -340. Let r = p + -187. Is r a composite number?
True
Let m = -7631 - -16050. Is m prime?
True
Suppose 17304 = 2*l - 2*z, -4*l - 8*z + 34653 = -3*z. Is l a prime number?
False
Suppose -2*q + 0*q = -5*i + 22, 0 = -2*q + 8. Is 1209/9 - i/18 a prime number?
False
Suppose -5 = -x, 0*w - x + 20 = 3*w. Suppose -4*n - 6 = -n - 3*l, 4*n = 5*l - 13. Suppose -4*a + n*o = -1624, w*a - 3*o - 2007 = -5*o. Is a composite?
True
Let u be (0 - 29)/((-2)/(-58)). Let f(o) = 89*o + 106. Let q be f(-4). Let d = q - u. Is d a composite number?
True
Let c(s) = 449*s. Is c(7) a composite number?
True
Let n(i) = 3 - 4 + 34*i**2 - 2 + 5 - 3*i. Let x(s) = 33*s**2 - 4*s + 2. Let c(y) = 5*n(y) - 4*x(y). Is c(-1) prime?
False
Let f be 3/(-15) + 98/(-10). Let a = f - -12. Suppose 0 = -a*t + 48 + 146. Is t a prime number?
True
Let p be ((-2)/(-5))/(4/20). Suppose s - 4*v = 635, 2*s + p*v - v = 1261. Is s prime?
True
Suppose -5*i = -5*b - 3315, -3*i + 7*i = b + 2649. Suppose -42*o + 40*o + i = 0. Is o a composite number?
False
Let b(c) = -177*c + 193. Is b(-6) prime?
False
Let d(z) = -z**2 + 3*z + 1397. Suppose -7*o - 4*o = -4*o. Is d(o) composite?
True
Let w(b) = -135*b**2 - b + 1. Let r be w(1). Suppose 0 = -0*y + 4*y - 84900. Is (-4)/18 - y/r prime?
True
Let i = 1344 + 5603. Is i prime?
True
Suppose b + 66 = -4*s, -4*b + 24 = -s - 8*b. Let y(t) = -14*t + 27. Is y(s) composite?
False
Suppose 0 = -2*q - n - 564, 748 = -2*q - 5*n + 176. Let x = -71 - q. Let j = x + -131. Is j a composite number?
False
Let o(k) = -3*k - 31. Let u be o(-10). Is (56/8 - 3) + (-1057)/u composite?
False
Suppose -27*w - 11992 = -35*w. Is w a prime number?
True
Is 13667*((-162)/(-126) + 6/(-21)) a prime number?
False
Is -349*-111*3/9 composite?
True
Let g(w) = 2*w**3 + 4*w**2 - 4*w - 6. Let t be g(-4). Let u = t - -142. Let z = 177 + u. Is z a prime number?
False
Suppose x - s - s + 117 = 0, 0 = 4*s - 16. Is 3*x*(-4)/(72/30) a composite number?
True
Let m(p) = 10*p**2 + 6*p + 2. Let d be m(-9). Suppose 7*w = 9*w - d. Is w a composite number?
False
Suppose 0 = -3*m + 5*s - 24, -3*m - 2*s - 20 = 4. Suppose 5*g = 2*o - 10, g + 2*o + 4 = 2. Is (4/m)/(g/84) composite?
True
Let k(v) be the second derivative of 101*v**3/6 + 2*v**2 + 12*v. Let s be ((-12)/(-10))/(4/10). Is k(s) composite?
False
Let g = 5151 - -3451. Suppose 0 = -9*k + 1136 + g. Is k a prime number?
False
Suppose 5*w = 13*w - 40. Suppose 171 = -2*y + w*y. Is y composite?
True
Is -5 - (-514*3 - 1) prime?
False
Suppose -6 + 0 = -3*i. Suppose -4*a = 2*d + 2*d - 280, 0 = i*a - 3*d - 165. Suppose c + 4*c - a = 0. Is c prime?
False
Let n(k) = -k - 1. Let a be n(-1). Suppose -y = -2*y - 4*b + 593, a = 5*y + 2*b - 2875. Is y a composite number?
True
Let g = -8897 + 37174. Is g composite?
False
Suppose 7541 = 4*w + 5*g, -w - 62 = -2*g - 1957. Is w a prime number?
True
Let h(b) = -21*b**2 + 3*b + 5. Let x be (0 + 12 - 3) + 0. Let f(u) = 5*u**2 - u - 1. Let p(v) = x*f(v) + 2*h(v). Is p(-6) prime?
True
Suppose s - 3877 = 2*z, 0 = s + s + 6. Is z/8*12/(-15) a prime number?
False
Let l = -14 + 18. Suppose 0 = -l*b + 220 + 1104. Is b prime?
True
Let v(x) = 652*x + 101. Is v(17) prime?
False
Suppose -5*f = 15, 5*f - 16927 = -2*l - 3464. Is l composite?
True
Let o be (-8)/(-28) - 33/(-7). Let z(m) = 2*m - 5. Let r be z(o). Suppose -r*n + 0*n + 1005 = 0. Is n a composite number?
True
Let y = -29 + 457. Suppose -r + y = -23. Is r composite?
True
Suppose v - 3*c - 739 - 1586 = 0, c - 4636 = -2*v. Is v composite?
True
Let c be (-1)/((8/(-130))/4). Let s = 833 + c. Suppose 0 = 4*j + s - 2238. Is j a prime number?
False
Suppose -5*u + 9024 = -2*u. Suppose -h + 5*h = u. Is h/(-20)*15/(-6) a composite number?
True
Suppose 4*p + p = -5*m + 260, 4*m = -p + 214. Suppose -3*g - m = 3*z, 4*z + 46 + 8 = 5*g. Let l = 42 - z. Is l prime?
False
Let u be 18/(-24)*-1*4. Let o be (2/(-4) - 0)*-88. Is o + 4 + (2 - u) a prime number?
True
Suppose 5*d = -2*s + 31, -2*d + 22 + 3 = 5*s. Suppose 0 = -s*x - 7*q + 2*q + 251, -q = -4. Is x a prime number?
False
Let n = -8302 - -22509. Is n a prime number?
True
Let r(m) = m - 15. Let l be r(11). Let f be l*(3/(-4) + -